vide 16244753?
False
Is 618 a factor of 2495410072?
False
Does 368 divide 52161792?
True
Does 15 divide 313264642?
False
Is 2542640 a multiple of 859?
True
Is 82 a factor of 2943760?
False
Is 1324546123 a multiple of 2683?
True
Is 113789975 a multiple of 13?
True
Does 1432 divide 36178590?
False
Does 52 divide 1879800?
True
Is 88195078 a multiple of 8?
False
Is 1921156884 a multiple of 109?
False
Does 493 divide 31576793?
False
Is 332854144 a multiple of 23?
False
Is 7 a factor of 97576129?
True
Is 21415233 a multiple of 4?
False
Is 706 a factor of 205158658?
True
Does 911 divide 23453916?
False
Does 437 divide 20602557?
False
Does 375 divide 241956000?
True
Is 58432384 a multiple of 32?
True
Is 447858060 a multiple of 426?
True
Is 27923084 a multiple of 511?
True
Is 18417060 a multiple of 10?
True
Is 692554854 a multiple of 400?
False
Is 22 a factor of 54537827?
False
Does 32 divide 46348931?
False
Does 331 divide 561290310?
False
Is 1651 a factor of 881553328?
False
Is 1426743548 a multiple of 2374?
False
Is 22 a factor of 75612966?
True
Does 12 divide 28958105?
False
Does 2043 divide 51452955?
True
Is 1209275712 a multiple of 1464?
True
Does 1145 divide 1102767907?
False
Is 848780360 a multiple of 205?
True
Is 758785073 a multiple of 1538?
False
Is 37236950 a multiple of 272?
False
Does 20 divide 144032820?
True
Is 10 a factor of 4661885?
False
Does 14 divide 46978232?
True
Is 407645623 a multiple of 1046?
False
Is 22512222 a multiple of 526?
False
Is 1008 a factor of 85492512?
True
Does 724 divide 1548201600?
True
Does 67 divide 1874889938?
False
Does 12 divide 1739342443?
False
Is 23 a factor of 364345566?
False
Is 6 a factor of 256085?
False
Does 1143 divide 6471288954?
False
Is 182 a factor of 937437592?
True
Is 1125 a factor of 652391607?
False
Is 129 a factor of 154372236?
True
Is 364773438 a multiple of 2971?
True
Is 26 a factor of 6811169326?
True
Is 1459002507 a multiple of 16?
False
Is 961 a factor of 36067796?
False
Is 171 a factor of 1936619000?
False
Does 3982 divide 125695812?
True
Does 8 divide 537528960?
True
Does 70 divide 19113653?
False
Does 4356 divide 1917415368?
True
Does 4138 divide 19787916?
True
Does 19 divide 112987?
False
Is 62 a factor of 15718095?
False
Is 121 a factor of 12369951?
True
Does 190 divide 21692386?
False
Is 144231622 a multiple of 4191?
False
Does 4 divide 1488612?
True
Is 16 a factor of 13983533?
False
Is 12 a factor of 54835944?
True
Is 791556201 a multiple of 23?
True
Does 521 divide 19332747?
True
Does 31 divide 16836844?
True
Is 410 a factor of 161950?
True
Is 31 a factor of 398096234?
True
Does 3273 divide 30851298?
True
Does 956 divide 393479416?
False
Is 353167822 a multiple of 2?
True
Is 528 a factor of 105066525?
False
Does 33 divide 816087663?
False
Is 502 a factor of 28886278?
False
Is 419526 a multiple of 353?
False
Is 799788032 a multiple of 35?
False
Is 1950913098 a multiple of 39?
False
Is 7646424 a multiple of 24?
True
Is 19044131 a multiple of 307?
True
Is 11711028 a multiple of 84?
True
Is 17 a factor of 209741716?
True
Is 21 a factor of 822872879?
False
Is 300 a factor of 319562227?
False
Is 124 a factor of 43485943?
False
Is 6084 a factor of 530670816?
True
Is 496467200 a multiple of 6931?
False
Does 10 divide 1121961896?
False
Does 270 divide 33438362?
False
Does 19 divide 7826024?
True
Is 5 a factor of 3761090?
True
Is 110 a factor of 95104790?
True
Is 274870720 a multiple of 1706?
True
Is 39586336 a multiple of 1696?
True
Is 648 a factor of 3363828584?
False
Is 24175639 a multiple of 8?
False
Does 3 divide 223675261?
False
Is 1900234614 a multiple of 2068?
False
Is 29042478 a multiple of 9?
True
Is 133340174 a multiple of 223?
True
Is 9070923 a multiple of 19?
True
Does 888 divide 65762616?
True
Is 35 a factor of 302138709?
False
Is 229 a factor of 51572861?
True
Is 1307 a factor of 41446731?
False
Is 25782838 a multiple of 720?
False
Is 107474125 a multiple of 1410?
False
Is 29619779 a multiple of 501?
False
Is 448 a factor of 113827392?
True
Is 29699126 a multiple of 818?
True
Is 19 a factor of 1766816183?
False
Is 70 a factor of 3833843?
False
Is 212 a factor of 50123926?
False
Does 817 divide 302906835?
True
Does 424 divide 95582320?
True
Is 8 a factor of 97614912?
True
Is 2831304 a multiple of 532?
True
Is 4649296 a multiple of 11?
False
Is 45 a factor of 166796415?
True
Is 19068550 a multiple of 10?
True
Is 65785293 a multiple of 78?
False
Is 607983 a multiple of 789?
False
Is 115 a factor of 125917525?
True
Is 719 a factor of 133805181?
True
Is 3 a factor of 11443695?
True
Is 203558298 a multiple of 727?
False
Is 79 a factor of 31654923?
False
Is 17 a factor of 563822204?
True
Is 24054128 a multiple of 14?
True
Does 14 divide 1261176?
True
Does 52 divide 73094060?
True
Does 642 divide 209467266?
True
Is 48375880 a multiple of 10?
True
Does 13 divide 1610996477?
False
Does 436 divide 43687905?
False
Is 987 a factor of 116438364?
True
Is 2456035 a multiple of 37?
False
Is 13 a factor of 1799986648?
False
Does 2611 divide 461695297?
True
Is 433085246 a multiple of 13?
False
Is 4303053710 a multiple of 10?
True
Is 32 a factor of 33152192?
True
Does 4221 divide 757454229?
True
Is 96696574 a multiple of 600?
False
Is 2311465520 a multiple of 238?
True
Is 4429 a factor of 384501465?
False
Does 845 divide 1674787691?
False
Does 432 divide 256545105?
False
Is 1785 a factor of 789145303?
False
Does 6 divide 71946342?
True
Is 4974 a factor of 1544716509?
False
Is 173859253 a multiple of 24?
False
Is 511 a factor of 78319876?
False
Is 25600264 a multiple of 2438?
False
Is 73 a factor of 175538428?
True
Is 33363144 a multiple of 1162?
False
Does 849 divide 148175121?
True
Does 81 divide 6839764331?
False
Does 715 divide 6444437285?
True
Does 749 divide 202886267?
False
Is 3111303838 a multiple of 15?
False
Is 15582420 a multiple of 249?
True
Is 144327666 a multiple of 33?
False
Is 415868434 a multiple of 26?
False
Does 119 divide 13767824?
True
Is 425 a factor of 677146270?
False
Does 154 divide 55302438?
False
Is 80453556 a multiple of 12?
True
Does 1257 divide 18110856?
True
Is 635 a factor of 2371696378?
False
Does 2584 divide 76390792?
True
Is 18 a factor of 98736192?
True
Is 59135026 a multiple of 1504?
False
Is 13961268 a multiple of 257?
True
Is 6948637695 a multiple of 537?
True
Does 1104 divide 1568648356?
False
Does 239 divide 363975118?
False
Does 14 divide 63964320?
True
Does 19 divide 2158659557?
False
Is 1769 a factor of 3404010633?
True
Is 160 a factor of 2768718088?
False
Does 76 divide 2393240?
True
Is 478 a factor of 115877607?
False
Is 4813225512 a multiple of 566?
True
Does 47 divide 279156124?
True
Is 52 a factor of 486997987?
False
Is 19261319 a multiple of 14?
False
Is 213930774 a multiple of 18?
True
Is 4726 a factor of 318423702?
True
Is 1095950041 a multiple of 62?
False
Does 62 divide 110631312?
True
Is 1646949278 a multiple of 7267?
True
Is 2700 a factor of 1228545900?
True
Is 333610070 a multiple of 64?
False
Is 24992800 a multiple of 14?
True
Is 1122963334 a multiple of 2968?
False
Does 6203 divide 2110461377?
False
Is 77 a factor of 1017255701?
True
Is 91820448 a multiple of 30?
False
Is 38 a factor of 151324863?
False
Is 791994888 a multiple of 108?
True
Does 4 divide 391879354?
False
Is 11 a factor of 37243074?
True
Is 257 a factor of 144913562?
True
Is 171 a factor of 51453310?
False
Does 27 divide 71913277?
False
Does 3663 divide 767797767?
True
Is 4503 a factor of 56998542?
False
Does 9 divide 34065288?
True
Is 217 a factor of 52152911?
False
Is 19 a factor of 570259173?
False
Is 146681400 a multiple of 600?
True
Is 559515996 a multiple of 26?
True
Is 88 a factor of 424114384?
False
Is 27210055 a multiple of 57?
False
Is 99 a factor of 626702857?
False
Does 140 divide 38964940?
True
Is 1011 a factor of 335647956?
True
Is 9 a factor of 862438743?
True
Is 22079508 a multiple of 19?
False
Is 48 a factor of 13236576?
True
Does 11 divide 38722295?
False
Does 3419 divide 1163092515?
True
Is 12 a factor of 146974872?
True
Is 2 a factor of 6478938?
True
Is 388 a factor of 139970944?
False
Does 8 divide 287965424?
True
Is 172 a factor of 2252673444?
False
Is 1337 a factor of 244118819?
True
Is 7141915368 a multiple of 84?
True
Does 518 divide 570649